{"id":389777,"date":"2026-01-25T00:44:12","date_gmt":"2026-01-25T00:44:12","guid":{"rendered":"https:\/\/voltstation.ro\/?page_id=389777"},"modified":"2026-03-27T08:01:14","modified_gmt":"2026-03-27T08:01:14","slug":"gdpr","status":"publish","type":"page","link":"https:\/\/voltstore.ro\/index.php\/gdpr\/","title":{"rendered":"GDPR"},"content":{"rendered":"\n<h1 class=\"wp-block-heading\">Politic\u0103 de Confiden\u021bialitate&nbsp;cu privire la prelucrarea datelor cu caracter personal<\/h1>\n\n\n\n<p>TEAM IT FORCE isi asuma angajamentul de a depune eforturile necesare pentru a prelucra datele dumneavoastr\u0103 \u00een concordan\u021b\u0103 cu Regulamentul (UE) 2016\/679&nbsp;<strong>(\u201cRegulamentul general privind protec\u021bia datelor\u201d<\/strong>&nbsp;sau&nbsp;<strong>\u201cGDPR\u201d)&nbsp;<\/strong>si practicile comerciale etice.<\/p>\n\n\n\n<p>Obiectivul principal al acestui document este de a v\u0103 informa despre modul \u00een care colect\u0103m, utiliz\u0103m, transfer\u0103m \u0219i protej\u0103m datele dvs cu caracter personal atunci c\u00e2nd interac\u021biona\u021bi cu noi \u00een leg\u0103tur\u0103 cu produsele \u0219i serviciile noastre si de a contribui la desfasurarea activitatii societatii cu respectarea prevederilor legale specifice si de a minimiza riscurile prin prevenirea incidentelor si, in cazul improbabil al unor astfel de incidente, reducerea impactului lor asupra persoanei vizate.<\/p>\n\n\n\n<p>Ne rezerv\u0103m dreptul de a actualiza \u0219i modifica periodic aceast\u0103 Politic\u0103 de Confiden\u021bialitate, pentru a reflecta orice modific\u0103ri ale modului \u00een care prelucr\u0103m datele dumneavoastr\u0103 cu caracter personal sau orice modific\u0103ri ale cerin\u021belor legale. \u00cen cazul oric\u0103rei astfel de modific\u0103ri, vom afi\u0219a pe website-ul nostru versiunea modificat\u0103 a Politicii de Confiden\u021bialitate, motiv pentru care va rugam sa verificati periodic continutul acestei Politici de Confidentialitate.<\/p>\n\n\n\n<p><strong>Despre noi si cum ne puteti contacta<\/strong><\/p>\n\n\n\n<p>TEAM IT FORCE SRL (denumirea comerciala fiind VOLTSTORE), este o societate organizata conform legilor din Romania, cu sediul social in Strada Dunavat , nr 12 , bloc 60 , scara 2 , parter , apartament 2 , Bucuresti , sector 5 , Romania , inregistrata la Registrul Comertului Bucuresti cu nr. J2008000082161 (numita in continuare &#8221;Voltstore.ro&#8221; sau &#8221;noi&#8221;).<br>\u00cen sensul legisla\u021biei cu privire la protec\u021bia datelor, suntem&nbsp;<em>operator<\/em>&nbsp;atunci c\u00e2nd prelucr\u0103m datele dvs cu caracter personal.<\/p>\n\n\n\n<p>Pentru orice informatii cu privire la prelucrarea datelor dvs cu caracter personal ne puteti contacta dupa cum urmeaza: &nbsp;<\/p>\n\n\n\n<ul class=\"wp-block-list\">\n<li>Responsabilul Voltstore.ro cu protec\u021bia datelor&nbsp;la adresa de e-mail&nbsp;<a href=\"mailto:data.protection@chocoland.ro\">data.protection@voltstore.ro<\/a>&nbsp;sau&nbsp;<\/li>\n\n\n\n<li>Prin po\u0219t\u0103 sau curier la adresa Strada Dunavat , nr 12 , bloc 60 , scara 2 , parter , apartament 2 , Bucuresti , sector 5\u00a0\u2013\u00a0cu mentiunea:\u00a0<em>\u00een aten\u021bia Responsabilului VOLTSTORE cu protec\u021bia datelor<\/em>.<\/li>\n<\/ul>\n\n\n\n<p><strong>Categorii de date cu caracter personal colectate<\/strong><\/p>\n\n\n\n<p>Voltstore poate procesa urmatoarele categorii de date furnizate direct de dvs. Cu titlul de exemplu, primim informa\u021bii de la dvs in urmatoarele situatii:<\/p>\n\n\n\n<ul class=\"wp-block-list\">\n<li>Crearea unui cont Voltstore: ne transmite\u021bi adresa de e-mail, numele \u0219i prenumele;<\/li>\n\n\n\n<li>Paginii dvs. personala (<em>Contul meu<\/em>) din platforma Voltstore ave\u021bi posibilitatea s\u0103 ad\u0103uga\u021bi informa\u021bii suplimentare, precum: num\u0103r telefon mobil, adresa de livrare, etc.;<\/li>\n\n\n\n<li>Cand utilizati platforma Voltstore ne puteti transmite date precum: fotografii, nume, prenume, texte si orice alte informatii similare despre dvs, membrii familiei dvs sau alte persoane in vederea personalizarii produselor disponibile pe website, date asupra carora garantati ca aveti drepturi depline in conformitate cu legislatia aplicabila;<\/li>\n\n\n\n<li>C\u00e2nd plasa\u021bi o comand\u0103, ne furniza\u021bi informa\u021bii precum: fotografii, nume, prenume, texte si orice alte informatii similare despre dvs, membrii familiei dvs sau alte persoane in vederea personalizarii produselor disponibile pe website, numele si prenumele, adresa de livrare, detalii de facturare, metoda de plat\u0103, num\u0103r de telefon, datele cardului bancar etc.<\/li>\n<\/ul>\n\n\n\n<p>Putem s\u0103 colect\u0103m \u0219i s\u0103 prelucr\u0103m ulterior anumite informa\u021bii cu privire la comportamentul dvs \u00een timpul vizit\u0103rii site-ului nostru web pentru a v\u0103 personaliza experien\u021ba online \u0219i a v\u0103 pune la dispozi\u021bie oferte adaptate profilului dvs. Detalii \u00een acest sens gasiti prin consultarea sec\u021biunii privitoare la scopurile prelucr\u0103rii datelor.<\/p>\n\n\n\n<p>Pe site-ul nostru web putem stoca \u0219i colecta informa\u021bii in cookie-uri \u0219i tehnologii similare, conform Politicii de cookie-uri.<\/p>\n\n\n\n<p>Nu colect\u0103m \u0219i nu prelucr\u0103m \u00een alt mod date sensibile, incluse de Regulamentul general privind protec\u021bia datelor \u00een categorii speciale de date cu caracter personal. In plus, nu dorim s\u0103 colect\u0103m sau s\u0103 prelucr\u0103m date ale minorilor care nu au \u00eemplinit varsta de 18 ani.<\/p>\n\n\n\n<p><strong>Principile politicii de securitate<\/strong><\/p>\n\n\n\n<p>Voltstore proceseaza datele cu caracter personal cu care vine in contact cu respectarea urmatoarelor principii:<\/p>\n\n\n\n<ul class=\"wp-block-list\">\n<li><strong>Protejarea drepturilor si libertatilor fundamentale&nbsp;ale persoanelor vizate<\/strong>;<\/li>\n\n\n\n<li><strong>Legalitate, echitate si transparenta&nbsp;<\/strong>\u2013 datele cu caracter personal sunt prelucrate cu buna credinta si in conformitate cu dispozitiile legale in vigoare, intr-un mod echitabil si transparent fata de persoana vizata;<\/li>\n\n\n\n<li><strong>Scopuri determinate, explicite si legitime\u00a0<\/strong>\u2013 Prelucrarea datelor cu caracter personal de catre VOLTSTORE se face in scopuri determinate, explicite si legitime si nu sunt prelucrate ulterior intr-un mod incompatibil cu aceste scopuri;<\/li>\n\n\n\n<li><strong>Temei<\/strong>\u2013 VOLTSTORE se va asigura ca procesarea datelor cu caracter personal va avea un temei bine determinat, precum prevederi legale, consimtamantul persoanei vizate, executarea contractelor, interesul legitim al VOLTSTORE (care nu va contraveni intereselor superioare ale persoanei vizate);<\/li>\n\n\n\n<li><strong>Limitare prin raportare la scop\u00a0<\/strong>\u2013 VOLTSTORE proceseaza datele cu caracter personal numai daca sunt adecvate, relevante si limitate la ceea ce este necesar in raport cu scopurile in care sunt prelucrate;<\/li>\n\n\n\n<li><strong>Limitare prin raportare la timp\u00a0<\/strong>\u2013 VOLTSTORE pastreaza datele persoanelor vizate pe o perioada care nu depaseste perioada necesara indeplinirii scopurilor in care sunt prelucrate datele si respectarea cerintelor legale;<\/li>\n\n\n\n<li><strong>Exactitate si acuratete\u00a0<\/strong>\u2013 VOLTSTORE proceseaza date cu caracter personal intr-un mod precis si ia masuri rezonabile pentru a se asigura ca datele inexacte de care ia cunostinta sunt sterse sau rectificate;<\/li>\n\n\n\n<li><strong>Securitate<\/strong>\u2013 VOLTSTORE este dedicata asigurarii securitatii tuturor datelor cu caracter personal pe care le prelucreaza si face demersuri constante pentru a atinge acest scop, inclusiv prin instruirea angajatilor, colaboratorilor si partenerilor sai.<\/li>\n<\/ul>\n\n\n\n<p><strong>Scopurile \u0219i temeiurile prelucr\u0103rii<\/strong><\/p>\n\n\n\n<p>Vom utiliza datele dvs. cu caracter personal \u00een urm\u0103toarele scopuri:<\/p>\n\n\n\n<ol class=\"wp-block-list\">\n<li>Pentru prestarea serviciilor VOLTSTORE \u00een beneficiul\u00a0dvs.<\/li>\n<\/ol>\n\n\n\n<p>Cu titlu exemplificative, acest scop poate include, dup\u0103 caz:<\/p>\n\n\n\n<ol class=\"wp-block-list\">\n<li>a) Crearea \u0219i administrarea contului \u00een cadrul platformei Voltstore;<\/li>\n\n\n\n<li>b) Prelucrarea comenzilor, in special personalizarea produselor cu datele\/informatiile furnizate de catre dumneavoastra (fotografii, texte, imagini, etc.), inclusiv preluarea, validarea, expedierea \u0219i facturarea acestora;<\/li>\n\n\n\n<li>c) Solutionarea anul\u0103rilor sau a problemelor de orice natur\u0103 referitoare la o comand\u0103, la bunurile sau serviciile achizi\u021bionate;<\/li>\n\n\n\n<li>d) Returnarea produselor conform prevederilor legale;<\/li>\n\n\n\n<li>e) Rambursarea contravalorii&nbsp;produselor conform prevederilor legale;<\/li>\n\n\n\n<li>f) Asigurarea serviciilor de suport, inclusiv oferirea de r\u0103spunsuri la \u00eentreb\u0103rile dvs cu privire la comenzile dvs sau la bunurile \u0219i serviciile Voltstore.<\/li>\n<\/ol>\n\n\n\n<p>Prelucrarea datelor dvs. pentru aceste scopuri este \u00een cele mai multe cazuri necesar\u0103 pentru \u00eencheierea \u0219i executarea unui contract \u00eentre Voltstore \u0219i dvs. De asemenea, anumite prelucr\u0103ri subsumate acestor scopuri sunt impuse de legisla\u021bia aplicabil\u0103, inclusiv legisla\u021bia fiscal\u0103 \u0219i contabil\u0103.<\/p>\n\n\n\n<ol start=\"2\" class=\"wp-block-list\">\n<li>Imbun\u0103t\u0103\u021birea serviciilor Voltstore<\/li>\n<\/ol>\n\n\n\n<p>In acest scop putem colecta \u0219i utiliza anumite informa\u021bii \u00een leg\u0103tur\u0103 cu comportamentul dvs. de cump\u0103r\u0103ror, v\u0103 putem invita s\u0103 completa\u021bi chestionare de satisfac\u021bie subsecvent finaliz\u0103rii unei comenzi sau putem desf\u0103\u0219ura, direct sau cu ajutorul unor parteneri, studii \u0219i cercet\u0103ri de pia\u021b\u0103.<\/p>\n\n\n\n<p>Ne \u00eentemeiem aceste activit\u0103\u021bi pe interesul nostru legitim de a desf\u0103\u0219ura activit\u0103\u021bi comerciale, av\u00e2nd \u00eentotdeauna grij\u0103 ca drepturile \u0219i libert\u0103\u021bile dvs. fundamentale s\u0103 nu fie afectate.<\/p>\n\n\n\n<ol start=\"3\" class=\"wp-block-list\">\n<li>Pentru marketing<\/li>\n<\/ol>\n\n\n\n<p>Vrem s\u0103 v\u0103 \u021binem la curent cu privire la cele mai bune oferte pentru produsele\/serviciile care v\u0103 intereseaz\u0103. \u00cen acest sens, v\u0103 putem trimite orice tip de mesaj (cum ar fi: e-mail\/SMS\/telefonic etc.)&nbsp; continand informatii generale si tematice, informatii cu privire la produse similare sau complementare cu cele pe care le-ati achizitionat, informatii cu privire la oferte sau promotii, informatii referitoare la produse adaugate in sectiunea \u201cCont\/Cosul meu\u201d sau ati aratat interes sa le achizitionati, precum si alte comunicari comerciale cum ar fi cercetari de piata si sondaje de opinie, \u0219i putem afi\u0219a recomand\u0103ri personalizate pe site-ul web. Pentru a v\u0103 pune la dispozi\u021bie informa\u021bii de interes pentru dvs., putem folosi anumite date cu privire la comportamentul dvs. de cump\u0103r\u0103tor (de ex. produsele vizualizate \/ achizi\u021bionate) pentru a v\u0103 crea un profil. Ne asigur\u0103m \u00eentotdeauna c\u0103 aceste prelucr\u0103ri se efectueaz\u0103 cu respectarea drepturilor \u0219i libert\u0103\u021bilor dvs. \u0219i c\u0103 deciziile luate \u00een baza acestora nu au efecte legale asupra dvs. \u0219i nu v\u0103&nbsp;afecteaz\u0103 similar \u00eentr-o m\u0103sur\u0103 semnificativ\u0103.<\/p>\n\n\n\n<p>\u00cen cele mai multe cazuri, ne \u00eentemeiem comunic\u0103rile de marketing pe consim\u021b\u0103m\u00e2ntul dvs. prealabil.<\/p>\n\n\n\n<p>V\u0103 pute\u021bi r\u0103zg\u00e2ndi \u0219i retrage consim\u021b\u0103m\u00e2ntul \u00een orice moment, prin:<\/p>\n\n\n\n<p>\u2013 Bifand casuta \u201c<strong>Dezabonat<\/strong>\u201d \u00een sec\u021biunea \u201c<strong>Status Abonare Newsletter<\/strong>\u201d;<\/p>\n\n\n\n<p>\u2013 Accesarea link-ului de dezabonare afi\u0219at \u00een cadrul mesajelor pe care le primi\u021bi de la noi; sau prin<\/p>\n\n\n\n<p>\u2013 Contactarea Voltstore folosind detaliile de contact descrise mai sus.<\/p>\n\n\n\n<p>\u00cen anumite situa\u021bii, ne putem baza activit\u0103\u021bile de marketing pe interesul nostru legitim de a ne promova \u0219i dezvolta activitatea comercial\u0103. \u00cen orice situa\u021bie \u00een care folosim informa\u021bii cu privire la dvs. pentru un interes legitim al nostru, avem grij\u0103 \u0219i lu\u0103m toate m\u0103surile necesare pentru ca&nbsp;drepturile \u0219i libert\u0103\u021bile dvs. fundamentale s\u0103 nu fie afectate. Cu toate acestea, ne pute\u021bi solicita oric\u00e2nd, prin mijloacele descrise mai sus, s\u0103 oprim prelucrarea datelor dvs. cu caracter personal \u00een scop de marketing, urm\u00e2nd s\u0103 d\u0103m curs cererii dvs.<\/p>\n\n\n\n<ol start=\"4\" class=\"wp-block-list\">\n<li>Pentru ap\u0103rarea intereselor noastre legitime<\/li>\n<\/ol>\n\n\n\n<p>Pot exista situa\u021bii \u00een care vom folosi sau transmite informa\u021bii pentru a ne proteja drepturile \u0219i activitatea comercial\u0103. Acestea pot include:<\/p>\n\n\n\n<p>\u2013 M\u0103suri de protec\u021bie a site-ului web \u0219i a utilizatorilor platformei Voltstore fa\u021b\u0103 de atacuri cibernetice:<\/p>\n\n\n\n<p>\u2013 M\u0103suri de prevenire \u0219i detectare a tentativelor de fraudare, inclusiv transmiterea unor informa\u021bii c\u0103tre autorit\u0103\u021bile publice competente;<\/p>\n\n\n\n<p>\u2013 M\u0103suri de gestionare a diverselor altor riscuri.<\/p>\n\n\n\n<p>Temeiul general al acestor tipuri de prelucr\u0103ri este interesul nostru legitim de a ne ap\u0103ra activitatea comercial\u0103, fiind \u00een\u021beles c\u0103 ne asigur\u0103m c\u0103 toate m\u0103surile pe care le lu\u0103m garanteaz\u0103 un echilibru \u00eentre interesele noastre \u0219i drepturile \u0219i libert\u0103\u021bile dvs. fundamentale.<\/p>\n\n\n\n<p>De asemenea, \u00een anumite cazuri ne \u00eentemeiem prelucrarea pe dispozi\u021bii legale cum ar fi obliga\u021bia de a asigura paza bunurilor \u0219i valorilor prev\u0103zut\u0103 de legislatia aplicabila in aceasta materie.<\/p>\n\n\n\n<p><strong>C\u00e2t timp p\u0103str\u0103m datele dvs. cu caracter personal<\/strong><\/p>\n\n\n\n<p>Ca regul\u0103 general\u0103, vom stoca datele dvs. cu caracter personal c\u00e2t timp ave\u021bi un cont \u00een platforma Voltstore, cu exceptia imaginilor incarcate de dumneavoastra pe website in vederea personalizarii produselor care vor fi sterse automat dupa o perioada de maxim 30 de zile de la data incarcarii. Pute\u021bi s\u0103 ne solicita\u021bi oric\u00e2nd \u0219tergerea anumitor informa\u021bii sau \u00eenchiderea contului \u0219i vom da curs acestor solicit\u0103ri, sub rezerva p\u0103str\u0103rii anumitor informa\u021bii inclusiv ulterior \u00eenchiderii contului, \u00een situa\u021biile \u00een care legisla\u021bia aplicabil\u0103 sau interesele noastre legitime o impun.<\/p>\n\n\n\n<p><strong>Cui transmitem datele dvs. cu caracter personal<\/strong><\/p>\n\n\n\n<p>Dup\u0103 caz, putem transmite sau oferi acces la anumite date cu caracter personal ale dvs. urm\u0103toarelor categorii de destinatari:<\/p>\n\n\n\n<p>\u2013 societ\u0103\u021bilor din cadrul aceluia\u0219i grup de societ\u0103\u021bi ca Voltstore;<\/p>\n\n\n\n<p>\u2013 furnizorilor de servicii de curierat;<\/p>\n\n\n\n<p>\u2013 furnizorilor de servicii de plat\u0103\/bancare;<\/p>\n\n\n\n<p>\u2013 furnizorilor de servicii de marketing;<\/p>\n\n\n\n<p>\u2013 furnizorilor de servicii IT;<\/p>\n\n\n\n<p>\u2013 altor societ\u0103\u021bi cu care putem dezvolta programe comune de ofertare pe pia\u021b\u0103 a bunurilor si serviciilor noastre.<\/p>\n\n\n\n<p>\u00cen cazul \u00een care ne revine o obliga\u021bie legal\u0103 sau dac\u0103 este necesar pentru a ne ap\u0103ra un interes legitim, putem de asemenea divulga anumite date cu caracter personal unor autorit\u0103\u021bi publice.<\/p>\n\n\n\n<p>Ne asigur\u0103m c\u0103 accesul la datele dvs. de c\u0103tre ter\u021bii persoane juridice de drept privat se realizeaza \u00een conformitate cu prevederile legale privind protec\u021bia datelor si confiden\u021bialitatea informa\u021biilor, \u00een baza unor contracte \u00eencheiate cu ace\u0219tia.<\/p>\n\n\n\n<p><strong>\u00cen ce \u021b\u0103ri transfer\u0103m<\/strong>&nbsp;<strong>datele dvs. cu caracter personal<\/strong><\/p>\n\n\n\n<p>\u00cen prezent, stoc\u0103m \u0219i prelucr\u0103m datele dvs. cu caracter personal pe teritoriul Rom\u00e2niei.<\/p>\n\n\n\n<p><strong>Cum protej\u0103m securitatea datelor dvs. cu caracter personal<\/strong><\/p>\n\n\n\n<p>Ne angaj\u0103m s\u0103 asigur\u0103m securitatea datelor cu caracter personal prin implementarea unor m\u0103suri tehnice \u0219i organizatorice adecvate, conform standardelor industriei. Avand in vedere caracteristicile produselor furnizate care implica personalizarea manuala a acestora cu informatiile furnizate de dvs (de ex. fotografii, imagini, texte), in cazuri exceptionale, exista posibilitatea ca datele dumneavoastra sa ajunga din eroare in posesia unui tert (ex., client), caz in care VOLTSTORE va lua toate masurile necesare in vederea remedierii situatiei respective. De asemenea, daca sunteti in situatia in care primiti din eroare produse personalizate cu datele unor terti (de ex. fotografii, imagini, texte) sunteti obligat sa notificati cu promptitudine VOLTSTORE(prin e-mail, telefonic) si sa implementati masurile indicate de catre societate in vederea protejarii intereselor partilor implicate (distrugerea \/ returnarea produselor\/datelor respective care nu va apartin). In vederea protejarii datelor dumneavoastra, VOLTSTORE implementeaza si updateaza constant procedurile interne\/de lucru si instructajul salariatilor responsabili de prelucrarea produselor dumneavoastra in vederea minimizarii aparitiei unor astfel de situatii.<\/p>\n\n\n\n<p>Voltstore ia toate masurile organizatorice adecvate pentru protejarea datelor cu caracter personal impotriva distrugerii accidentale, ilegale, pierderii, modificarii, dezvaluirii sau accesului neautorizat, inclusiv:&nbsp;<\/p>\n\n\n\n<ol class=\"wp-block-list\">\n<li>Datele sunt stocate electronic in fisiere care pot fi accesate numai de utilizatorii autorizati ai firmei, care la randul lor au acces la acestea prin intermediul unui nume de utilizator si o parola (parola se va modifica periodic). Toti utilizatorii sunt obligati sa pastreze confidentialitatea datelor la care au acces, iar la fiecare terminare de sesiune in baza de date vor inchide sesiunea. In cazul in care unul sau mai multi utilizatori sunt revocati din diverse motive, conturile de acces sunt suspendate.&nbsp;<\/li>\n\n\n\n<li>Utilizatorii acceseaza datele cu caracter personal numai pentru indeplinirea atributiilor de serviciu. Pentru aceasta, operatorul va stabili tipurile de acces dupa functionalitate (introducere, prelucrare, salvare, etc.) si dupa actiunile aplicate asupra datelor cu caracter personal (cum ar fi: scriere, citire, etc) precum si procedurile privind aceste tipuri de acces.&nbsp;<\/li>\n\n\n\n<li>Platforma si serverul in care introduc clientii datele sunt securizate. Computerele se vor instala in incaperi care se pot incuia. Daca pe ecran apar date cu caracter personal asupra carora nu se actioneaza o perioada data, stabilita de operator, sesiunea de lucru se va inchide automat.&nbsp;<\/li>\n\n\n\n<li>Imprimarea datelor cu caracter personal se realizeaza numai de catre utilizatorii autorizati pentru aceasta operatiune si numai in scopuri cerute de legile in vigoare.&nbsp;<\/li>\n<\/ol>\n\n\n\n<p>In cazul in care este disponibila plata online si clientul opteaza pentru plata online a contravalorii comenzilor, contractului si\/sau contractelor, procesarea datelor de card bancar se face in mod exclusiv pe serverele procesatorului de carduri bancare cu care Voltstore a incheiat un contract.&nbsp;<\/p>\n\n\n\n<p>Voltstore nu solicita si nu stocheaza nici un fel de informatii referitoare la cardul sau cardurile bancare ale clientului.<\/p>\n\n\n\n<p>Procesatorul de carduri bancare agreat de catre Voltstore are dreptul de a accesa\/vizualiza orice tip de date\/documente, generate in urma unei comenzi emise, comenzi anulate, contract, contract anulat sau al unui contract onorat, pentru a investiga oricare tranzactie, in cazul in care aceasta exista.&nbsp;<\/p>\n\n\n\n<p>\u00cen ciuda m\u0103surilor luate pentru a proteja datele dvs. cu caracter personal, v\u0103 atragem aten\u0163ia c\u0103 transmiterea informa\u0163iilor prin Internet, \u00een general, sau prin intermediul altor re\u0163ele publice, nu este complet sigur\u0103, exist\u00e2nd riscul ca datele s\u0103 fie v\u0103zute \u015fi utilizate de c\u0103tre ter\u0163e p\u0103r\u0163i neautorizate. Nu putem fi responsabili pentru astfel de vulnerabilit\u0103\u021bi ale unor sisteme care nu sunt sub controlul nostru.<\/p>\n\n\n\n<p id=\"deleteaccount\"><strong>Ce drepturi ave\u021bi<\/strong><\/p>\n\n\n\n<p>Conform GDPR, toate persoanele fizice carora le prelucram date cu caracter personal au drepturi specifice, printre care mentionam:<\/p>\n\n\n\n<ol class=\"wp-block-list\">\n<li><strong>Dreptul la informare:&nbsp;<\/strong>dreptul de a afla ce date sunt procesate, scopurile si temeiurile prelucrarii, destinatarii datelor, perioada de stocare, existenta drepturilor persoanelor vizate, dreptul de a se adresa autoritatii de supraveghere etc.;<\/li>\n\n\n\n<li><strong>Dreptul de acces:&nbsp;<\/strong>dreptul de a obtine din partea operatorului o confirmare ca se prelucreaza sau nu date cu caracter personal care le privesc si, in caz afirmativ, acces la datele respective si la informatii privind prelucrarea detaliate anterior;<\/li>\n\n\n\n<li><strong>Dreptul la rectificare:&nbsp;<\/strong>dreptul de a obtine corectarea datelor inexacte sau completarea datelor lipsa;<\/li>\n\n\n\n<li><strong>Dreptul la stergerea datelor:\u00a0<\/strong>dreptul de a solicita stergerea datelor procesate, in situatiile prevazute de lege;\u00a0<strong>pentru a solicita stergerea datelor tale te rugam sa ne contactezi prin email la data.protection@voltstore.ro<\/strong><\/li>\n\n\n\n<li><strong>Dreptul de a solicita restrictionarea prelucrarii<\/strong>, in limitele prevazute de lege.<\/li>\n\n\n\n<li><strong>Alte drepturi&nbsp;care pot fi exercitate in limitele prevazute de lege<\/strong>: dreptul la portabilitatea datelor, dreptul de a obiecta la prelucrarea datelor, dreptul de a se opune proceselor decizionale automate, dreptul de a se adresa autoritatilor competente cu solicitari privind prelucrarile efectuate de Voltstore etc., dreptul de a retrage consimtamantul, in orice moment, pentru prelucrarea datelor personale pentru care temeiul prelucrarii il reprezinta consimtamantul persoanei vizate.<\/li>\n\n\n\n<li><strong>Pl\u00e2ngeri:&nbsp;<\/strong>ave\u021bi dreptul s\u0103 depune\u021bi o pl\u00e2ngere la autoritatea de supraveghere cu privire la prelucrarea datelor dvs. cu caracter personal.<\/li>\n<\/ol>\n\n\n\n<p>\u00cen Rom\u00e2nia, datele de contact ale autorit\u0103\u021bii de supraveghere pentru protec\u021bia datelor sunt urm\u0103toarele:<\/p>\n\n\n\n<p>Autoritatea Na\u021bional\u0103 de Supraveghere a Prelucr\u0103rii Datelor cu Caracter Personal<\/p>\n\n\n\n<p>B-dul G-ral. Gheorghe Magheru nr. 28-30, Sector 1, cod po\u0219tal 010336, Bucure\u0219ti, Romania<\/p>\n\n\n\n<p>Telefon: +40.318.059.211 sau +40.318.059.212;<\/p>\n\n\n\n<p>E-mail:anspdcp@dataprotection.ro<\/p>\n\n\n\n<p><em>F\u0103r\u0103 a v\u0103 afecta dreptul dvs de a contacta \u00een orice moment autoritatea de supraveghere, v\u0103 rug\u0103m s\u0103 ne contacta\u021bi \u00een prealabil, \u0219i v\u0103 promitem c\u0103 vom depune toate eforturile necesare pentru a rezolva orice problem\u0103 pe cale amiabil\u0103.&nbsp;&nbsp;&nbsp;<\/em><\/p>\n\n\n\n<ul class=\"wp-block-list\">\n<li>Nu uitati ca ne puteti contacta in orice moment prin transmiterea solicitarii dvs prin oricare dintre urmatoarele modalitati:<\/li>\n<\/ul>\n\n\n\n<p>\u2013 prin e-mail la adresa: data.protection@voltstore.ro&nbsp;sau<\/p>\n\n\n\n<p>\u2013 prin po\u0219t\u0103 sau curier la adresa:\u00a0<strong>Prin po\u0219t\u0103 sau curier la adresa Strada Dunavat , nr 12 , bloc 60 , scara 2 , parter , apartament 2 , Bucuresti , sector 5\u00a0\u2013\u00a0cu mentiunea:\u00a0<em>\u00een aten\u021bia Responsabilului VOLTSTORE<\/em><\/strong> <strong><em>cu protec\u021bia datelor<\/em>.<\/strong><\/p>\n\n\n\n<p><\/p>\n","protected":false},"excerpt":{"rendered":"<p>Politic\u0103 de Confiden\u021bialitate&nbsp;cu privire la prelucrarea datelor cu caracter personal TEAM IT FORCE isi asuma angajamentul de a depune eforturile necesare pentru a prelucra datele dumneavoastr\u0103 \u00een concordan\u021b\u0103 cu Regulamentul (UE) 2016\/679&nbsp;(\u201cRegulamentul general privind protec\u021bia datelor\u201d&nbsp;sau&nbsp;\u201cGDPR\u201d)&nbsp;si practicile comerciale etice. Obiectivul principal al acestui document este de a v\u0103 informa despre modul \u00een care colect\u0103m, utiliz\u0103m, &#8230; <a title=\"GDPR\" class=\"read-more\" href=\"https:\/\/voltstore.ro\/index.php\/gdpr\/\" aria-label=\"Cite\u0219te mai multe despre GDPR\">Cite\u0219te mai mult<\/a><\/p>\n","protected":false},"author":1,"featured_media":0,"parent":0,"menu_order":0,"comment_status":"closed","ping_status":"closed","template":"","meta":{"footnotes":""},"class_list":["post-389777","page","type-page","status-publish"],"_links":{"self":[{"href":"https:\/\/voltstore.ro\/index.php\/wp-json\/wp\/v2\/pages\/389777","targetHints":{"allow":["GET"]}}],"collection":[{"href":"https:\/\/voltstore.ro\/index.php\/wp-json\/wp\/v2\/pages"}],"about":[{"href":"https:\/\/voltstore.ro\/index.php\/wp-json\/wp\/v2\/types\/page"}],"author":[{"embeddable":true,"href":"https:\/\/voltstore.ro\/index.php\/wp-json\/wp\/v2\/users\/1"}],"replies":[{"embeddable":true,"href":"https:\/\/voltstore.ro\/index.php\/wp-json\/wp\/v2\/comments?post=389777"}],"version-history":[{"count":4,"href":"https:\/\/voltstore.ro\/index.php\/wp-json\/wp\/v2\/pages\/389777\/revisions"}],"predecessor-version":[{"id":391828,"href":"https:\/\/voltstore.ro\/index.php\/wp-json\/wp\/v2\/pages\/389777\/revisions\/391828"}],"wp:attachment":[{"href":"https:\/\/voltstore.ro\/index.php\/wp-json\/wp\/v2\/media?parent=389777"}],"curies":[{"name":"wp","href":"https:\/\/api.w.org\/{rel}","templated":true}]}}